[INFO] cloning repository https://github.com/jadencarver/rusty-rails
[INFO] running `Command { std: "git" "-c" "credential.helper=" "-c" "credential.helper=/workspace/cargo-home/bin/git-credential-null" "clone" "--bare" "https://github.com/jadencarver/rusty-rails" "/workspace/cache/git-repos/https%3A%2F%2Fgithub.com%2Fjadencarver%2Frusty-rails", kill_on_drop: false }`
[INFO] [stderr] Cloning into bare repository '/workspace/cache/git-repos/https%3A%2F%2Fgithub.com%2Fjadencarver%2Frusty-rails'...
[INFO] running `Command { std: "git" "rev-parse" "HEAD", kill_on_drop: false }`
[INFO] [stdout] a889f4e471d8670cf147280b8a7d61c704e4ba49
[INFO] building jadencarver/rusty-rails against master#881c1ac408d93bb7adaa3a51dabab9266e82eee8 for issue-85264
[INFO] running `Command { std: "git" "clone" "/workspace/cache/git-repos/https%3A%2F%2Fgithub.com%2Fjadencarver%2Frusty-rails" "/workspace/builds/worker-6/source", kill_on_drop: false }`
[INFO] [stderr] Cloning into '/workspace/builds/worker-6/source'...
[INFO] [stderr] done.
[INFO] validating manifest of git repo https://github.com/jadencarver/rusty-rails on toolchain 881c1ac408d93bb7adaa3a51dabab9266e82eee8
[INFO] running `Command { std: "/workspace/cargo-home/bin/cargo" "+881c1ac408d93bb7adaa3a51dabab9266e82eee8" "metadata" "--manifest-path" "Cargo.toml" "--no-deps", kill_on_drop: false }`
[INFO] started tweaking git repo https://github.com/jadencarver/rusty-rails
[INFO] finished tweaking git repo https://github.com/jadencarver/rusty-rails
[INFO] tweaked toml for git repo https://github.com/jadencarver/rusty-rails written to /workspace/builds/worker-6/source/Cargo.toml
[INFO] crate git repo https://github.com/jadencarver/rusty-rails already has a lockfile, it will not be regenerated
[INFO] running `Command { std: "/workspace/cargo-home/bin/cargo" "+881c1ac408d93bb7adaa3a51dabab9266e82eee8" "fetch" "--manifest-path" "Cargo.toml", kill_on_drop: false }`
[INFO] [stderr]     Updating git repository `https://github.com/sgrif/diesel.git`
[INFO] [stderr]     Updating git repository `https://github.com/sgrif/r2d2-diesel.git`
[INFO] [stderr]     Updating git repository `https://github.com/jadencarver/router.git`
[INFO] [stderr]     Updating git repository `https://github.com/jadencarver/staticfile.git`
[INFO] [stderr]     Updating git repository `https://github.com/diesel-rs/diesel.git`
[INFO] [stderr]     Updating git repository `https://github.com/jadencarver/route-recognizer.rs.git`
[INFO] [stderr]  Downloading crates ...
[INFO] [stderr] warning: TOML file found which contains invalid syntax and will soon not parse
[INFO] [stderr] at `/workspace/cargo-home/registry/src/github.com-1ecc6299db9ec823/url-0.5.9/Cargo.toml`.
[INFO] [stderr] 
[INFO] [stderr] The TOML spec requires newlines after table definitions (e.g., `[a] b = 1` is
[INFO] [stderr] invalid), but this file has a table header which does not have a newline after
[INFO] [stderr] it. A newline needs to be added and this warning will soon become a hard error
[INFO] [stderr] in the future.
[INFO] [stderr] warning: parsed version requirement `0.2*` is no longer valid
[INFO] [stderr] 
[INFO] [stderr] Previous versions of Cargo accepted this malformed requirement,
[INFO] [stderr] but it is being deprecated. This was found when parsing the manifest
[INFO] [stderr] of iron 0.3.0, and the correct version requirement is `0.2.*`.
[INFO] [stderr] 
[INFO] [stderr] This will soon become a hard error, so it's either recommended to
[INFO] [stderr] update to a fixed version or contact the upstream maintainer about
[INFO] [stderr] this warning.
[INFO] [stderr] 
[INFO] [stderr]   Downloaded libsqlite3-sys v0.4.0
[INFO] [stderr]   Downloaded dotenv_macros v0.8.0
[INFO] [stderr]   Downloaded fsevent v0.2.14
[INFO] [stderr]   Downloaded ansi_term v0.7.4
[INFO] [stderr]   Downloaded serde v0.7.11
[INFO] [stderr]   Downloaded pq-sys v0.2.1
[INFO] [stderr]   Downloaded logger v0.0.3
[INFO] [stderr]   Downloaded dotenv_codegen v0.8.1
[INFO] [stderr]   Downloaded bodyparser v0.3.0
[INFO] [stderr]   Downloaded params v0.2.2
[INFO] [stderr]   Downloaded r2d2 v0.7.0
[INFO] [stderr]   Downloaded urlencoded v0.3.0
[INFO] [stderr]   Downloaded persistent v0.1.0
[INFO] [stderr]   Downloaded mime_guess v1.8.0
[INFO] [stderr]   Downloaded maud v0.9.0
[INFO] [stderr]   Downloaded maud_macros v0.9.0
[INFO] [stderr]   Downloaded diesel_cli v0.6.1
[INFO] [stderr]   Downloaded notify v2.6.1
[INFO] [stderr]   Downloaded multipart v0.7.0
[INFO] [stderr]   Downloaded net2 v0.2.24
[INFO] [stderr]   Downloaded termion v1.0.5
[INFO] [stderr]   Downloaded diesel v0.6.2
[INFO] [stderr]   Downloaded clap v2.9.1
[INFO] [stderr]   Downloaded clap v1.5.5
[INFO] running `Command { std: "docker" "create" "-v" "/var/lib/crater-agent-workspace/builds/worker-6/target:/opt/rustwide/target:rw,Z" "-v" "/var/lib/crater-agent-workspace/builds/worker-6/source:/opt/rustwide/workdir:ro,Z" "-v" "/var/lib/crater-agent-workspace/cargo-home:/opt/rustwide/cargo-home:ro,Z" "-v" "/var/lib/crater-agent-workspace/rustup-home:/opt/rustwide/rustup-home:ro,Z" "-e" "SOURCE_DIR=/opt/rustwide/workdir" "-e" "CARGO_TARGET_DIR=/opt/rustwide/target" "-e" "CARGO_HOME=/opt/rustwide/cargo-home" "-e" "RUSTUP_HOME=/opt/rustwide/rustup-home" "-w" "/opt/rustwide/workdir" "-m" "1610612736" "--user" "0:0" "--network" "none" "ghcr.io/rust-lang/crates-build-env/linux@sha256:20528e8c29e4536546f0102ce88568b16ea7538393a33fcca951030f7af10457" "/opt/rustwide/cargo-home/bin/cargo" "+881c1ac408d93bb7adaa3a51dabab9266e82eee8" "metadata" "--no-deps" "--format-version=1", kill_on_drop: false }`
[INFO] [stderr] WARNING: Your kernel does not support swap limit capabilities or the cgroup is not mounted. Memory limited without swap.
[INFO] [stdout] dcc8da66c202a62a1c4012ef8901cc0aa21a35378db5586c4100066169a07ba1
[INFO] running `Command { std: "docker" "start" "-a" "dcc8da66c202a62a1c4012ef8901cc0aa21a35378db5586c4100066169a07ba1", kill_on_drop: false }`
[INFO] running `Command { std: "docker" "inspect" "dcc8da66c202a62a1c4012ef8901cc0aa21a35378db5586c4100066169a07ba1", kill_on_drop: false }`
[INFO] running `Command { std: "docker" "rm" "-f" "dcc8da66c202a62a1c4012ef8901cc0aa21a35378db5586c4100066169a07ba1", kill_on_drop: false }`
[INFO] [stdout] dcc8da66c202a62a1c4012ef8901cc0aa21a35378db5586c4100066169a07ba1
[INFO] running `Command { std: "docker" "create" "-v" "/var/lib/crater-agent-workspace/builds/worker-6/target:/opt/rustwide/target:rw,Z" "-v" "/var/lib/crater-agent-workspace/builds/worker-6/source:/opt/rustwide/workdir:ro,Z" "-v" "/var/lib/crater-agent-workspace/cargo-home:/opt/rustwide/cargo-home:ro,Z" "-v" "/var/lib/crater-agent-workspace/rustup-home:/opt/rustwide/rustup-home:ro,Z" "-e" "SOURCE_DIR=/opt/rustwide/workdir" "-e" "CARGO_TARGET_DIR=/opt/rustwide/target" "-e" "CARGO_INCREMENTAL=0" "-e" "RUST_BACKTRACE=full" "-e" "RUSTFLAGS=--cap-lints=forbid" "-e" "CARGO_HOME=/opt/rustwide/cargo-home" "-e" "RUSTUP_HOME=/opt/rustwide/rustup-home" "-w" "/opt/rustwide/workdir" "-m" "1610612736" "--user" "0:0" "--network" "none" "ghcr.io/rust-lang/crates-build-env/linux@sha256:20528e8c29e4536546f0102ce88568b16ea7538393a33fcca951030f7af10457" "/opt/rustwide/cargo-home/bin/cargo" "+881c1ac408d93bb7adaa3a51dabab9266e82eee8" "build" "--frozen" "--message-format=json", kill_on_drop: false }`
[INFO] [stdout] c630a69c2cb25c9abc811dde686342234343825207c05779d994a2096e834d6f
[INFO] [stderr] WARNING: Your kernel does not support swap limit capabilities or the cgroup is not mounted. Memory limited without swap.
[INFO] running `Command { std: "docker" "start" "-a" "c630a69c2cb25c9abc811dde686342234343825207c05779d994a2096e834d6f", kill_on_drop: false }`
[INFO] [stderr] warning: parsed version requirement `0.2*` is no longer valid
[INFO] [stderr] 
[INFO] [stderr] Previous versions of Cargo accepted this malformed requirement,
[INFO] [stderr] but it is being deprecated. This was found when parsing the manifest
[INFO] [stderr] of iron 0.3.0, and the correct version requirement is `0.2.*`.
[INFO] [stderr] 
[INFO] [stderr] This will soon become a hard error, so it's either recommended to
[INFO] [stderr] update to a fixed version or contact the upstream maintainer about
[INFO] [stderr] this warning.
[INFO] [stderr] 
[INFO] [stderr] warning: TOML file found which contains invalid syntax and will soon not parse
[INFO] [stderr] at `/opt/rustwide/cargo-home/registry/src/github.com-1ecc6299db9ec823/url-0.5.9/Cargo.toml`.
[INFO] [stderr] 
[INFO] [stderr] The TOML spec requires newlines after table definitions (e.g., `[a] b = 1` is
[INFO] [stderr] invalid), but this file has a table header which does not have a newline after
[INFO] [stderr] it. A newline needs to be added and this warning will soon become a hard error
[INFO] [stderr] in the future.
[INFO] [stderr]    Compiling libc v0.2.13
[INFO] [stderr]    Compiling winapi-build v0.1.1
[INFO] [stderr]    Compiling rustc-serialize v0.3.19
[INFO] [stderr]    Compiling regex-syntax v0.3.3
[INFO] [stderr]    Compiling pq-sys v0.2.1
[INFO] [stderr]    Compiling serde v0.7.11
[INFO] [stderr]    Compiling itoa v0.1.1
[INFO] [stderr]    Compiling route-recognizer v0.1.11 (https://github.com/jadencarver/route-recognizer.rs.git#f6af52e6)
[INFO] [stderr]    Compiling buf_redux v0.1.3
[INFO] [stderr]    Compiling sequence_trie v0.0.13
[INFO] [stderr]    Compiling diesel_codegen v0.6.1 (https://github.com/sgrif/diesel.git#6da9e882)
[INFO] [stderr]    Compiling strsim v0.4.1
[INFO] [stderr]    Compiling ansi_term v0.7.4
[INFO] [stderr]    Compiling maud v0.9.0
[INFO] [stderr]    Compiling bitflags v0.5.0
[INFO] [stderr]    Compiling openssl-sys v0.7.14
[INFO] [stderr]    Compiling openssl-sys-extras v0.7.14
[INFO] [stderr]    Compiling openssl v0.7.14
[INFO] [stderr]    Compiling error v0.1.9
[INFO] [stderr]    Compiling num-integer v0.1.32
[INFO] [stdout] error[E0642]: patterns aren't allowed in functions without bodies
[INFO] [stdout]    --> /opt/rustwide/cargo-home/registry/src/github.com-1ecc6299db9ec823/rustc-serialize-0.3.19/src/serialize.rs:147:45
[INFO] [stdout]     |
[INFO] [stdout] 147 | ...                   &f_name: &str,
[INFO] [stdout]     |                       ^^^^^^^ pattern not allowed in function without body
[INFO] [stdout] 
[INFO] [stdout] 
[INFO] [stderr]    Compiling libsqlite3-sys v0.4.0
[INFO] [stderr]    Compiling r2d2 v0.7.0
[INFO] [stderr]    Compiling unicase v1.4.0
[INFO] [stderr]    Compiling idna v0.1.0
[INFO] [stderr]    Compiling maud_macros v0.9.0
[INFO] [stderr]    Compiling solicit v0.4.4
[INFO] [stdout] error[E0557]: feature has been removed
[INFO] [stdout]  --> /opt/rustwide/cargo-home/registry/src/github.com-1ecc6299db9ec823/maud_macros-0.9.0/src/lib.rs:2:30
[INFO] [stdout]   |
[INFO] [stdout] 2 | #![feature(plugin_registrar, quote)]
[INFO] [stdout]   |                              ^^^^^ feature has been removed
[INFO] [stdout] 
[INFO] [stdout] 
[INFO] [stdout] error[E0463]: can't find crate for `rustc_plugin`
[INFO] [stdout]  --> /opt/rustwide/cargo-home/registry/src/github.com-1ecc6299db9ec823/maud_macros-0.9.0/src/lib.rs:7:1
[INFO] [stdout]   |
[INFO] [stdout] 7 | extern crate rustc_plugin;
[INFO] [stdout]   | ^^^^^^^^^^^^^^^^^^^^^^^^^^ can't find crate
[INFO] [stdout] 
[INFO] [stdout] 
[INFO] [stdout] error: aborting due to 2 previous errors
[INFO] [stdout] 
[INFO] [stdout] 
[INFO] [stdout] Some errors have detailed explanations: E0463, E0557.
[INFO] [stdout] 
[INFO] [stdout] For more information about an error, try `rustc --explain E0463`.
[INFO] [stdout] 
[INFO] [stderr] error: could not compile `maud_macros`
[INFO] [stderr] 
[INFO] [stderr] To learn more, run the command again with --verbose.
[INFO] [stderr] warning: build failed, waiting for other jobs to finish...
[INFO] [stdout] error: aborting due to previous error
[INFO] [stdout] 
[INFO] [stdout] 
[INFO] [stdout] For more information about this error, try `rustc --explain E0642`.
[INFO] [stdout] 
[INFO] [stderr] error: build failed
[INFO] running `Command { std: "docker" "inspect" "c630a69c2cb25c9abc811dde686342234343825207c05779d994a2096e834d6f", kill_on_drop: false }`
[INFO] running `Command { std: "docker" "rm" "-f" "c630a69c2cb25c9abc811dde686342234343825207c05779d994a2096e834d6f", kill_on_drop: false }`
[INFO] [stdout] c630a69c2cb25c9abc811dde686342234343825207c05779d994a2096e834d6f
